{"id":7,"date":"2016-02-03T19:00:36","date_gmt":"2016-02-03T19:00:36","guid":{"rendered":"http:\/\/waldseebad-beerfelden.de\/?page_id=7"},"modified":"2025-05-27T07:10:29","modified_gmt":"2025-05-27T07:10:29","slug":"preise","status":"publish","type":"page","link":"https:\/\/waldseebad-beerfelden.de\/?page_id=7","title":{"rendered":"Preise"},"content":{"rendered":"<h1 style=\"text-align: center;\"><strong><a href=\"https:\/\/waldseebad-beerfelden.de\/wp-content\/uploads\/2025\/05\/Gebuehrenordnung-Aushang-ab-01.01.2025.pdf\">Geb\u00fchrenordnung Aushang ab 01.01.2025<\/a><\/strong><\/h1>\n<h1 style=\"text-align: center;\"><strong>Geb\u00fchrenordnung<br \/>\n<\/strong>Waldseebad Beerfelden, Freibad Hetzbach, Freibad Finkenbach<\/h1>\n<p>&nbsp;<\/p>\n<p style=\"text-align: center;\"><strong>Tageskarte (Einzeleintritt) f\u00fcr das einmalige Betreten eines Bades am L\u00f6sungstag<\/strong><br \/>\nErwachsene 3,00 \u20ac<br \/>\nKinder ab 6 Jahre, Jugendliche, Studenten, Inhaber eines Schwerbehindertenausweises *) 2,00 \u20ac<\/p>\n<p>&nbsp;<\/p>\n<p style=\"text-align: center;\"><strong>Zehnerkarte<\/strong><br \/>\nErwachsene 25,00 \u20ac<br \/>\nKinder ab 6 Jahre, Jugendliche, Studenten, Inhaber eines Schwerbehindertenausweises*) 15,00 \u20ac<\/p>\n<p>&nbsp;<\/p>\n<p style=\"text-align: center;\"><strong>Saisondauerkarte<\/strong><\/p>\n<p style=\"text-align: center;\">Erwachsene 50,00 \u20ac<br \/>\nKinder ab 6 Jahre, Jugendliche, Studenten, Inhaber eines Schwerbehindertenausweises*) 25,00 \u20ac<\/p>\n<p>&nbsp;<\/p>\n<p style=\"text-align: center;\"><strong>Familien<\/strong><br \/>\n(Ehepaare und Alleinerziehende sowie ehe\u00e4hnliche Lebensgemeinschaften mit derselben Hauptwohnung mit eigenen Kindern von mindestens einem der beiden Partner) 85,00 \u20ac<\/p>\n<p>&nbsp;<\/p>\n<p>&nbsp;<\/p>\n<p style=\"text-align: center;\"><em>*) Personen mit Behinderung sowie Sch\u00fcler\/Studenten ab 18 Jahren erhalten erm\u00e4\u00dfigten Eintritt unter Vorlage eines g\u00fcltigen Ausweises.<\/em><\/p>\n<p style=\"text-align: center;\"><em>Sofern im Schwerbehindertenausweis die Notwendigkeit st\u00e4ndiger Begleitung bescheinigt ist (Merkzeichen B), hat die Begleitperson freien Eintritt.<\/em><\/p>\n<p>&nbsp;<\/p>\n<p style=\"text-align: center;\">Die jeweils erworbenen Zehner- und Saisonkarten berechtigen innerhalb des G\u00fcltigkeitszeitraumes zum Eintritt aller Freib\u00e4der der Stadt Oberzent.<\/p>\n<p style=\"text-align: center;\">Der Eintritt f\u00fcr Inhaber einer Ehrenamtscard und einer Jugendleitercard (Juleica) ist kostenlos.<\/p>\n<p style=\"text-align: center;\">Bei Schlie\u00dfung eines Schwimmbades infolge schlechter Witterung oder sonstiger unvorhersehbarer Ereignisse besteht kein Anspruch auf R\u00fcckerstattung der Geb\u00fchren.<\/p>\n<p>&nbsp;<\/p>\n<p style=\"text-align: center;\">Oberzent<\/p>\n<p style=\"text-align: center;\">Der Magistrat der Stadt Oberzent<\/p>\n<p style=\"text-align: center;\">Christian Kehrer<br \/>\nB\u00fcrgermeister<\/p>\n","protected":false},"excerpt":{"rendered":"<p>Geb\u00fchrenordnung Aushang ab 01.01.2025 Geb\u00fchrenordnung Waldseebad Beerfelden, Freibad Hetzbach, Freibad Finkenbach &nbsp; Tageskarte (Einzeleintritt) f\u00fcr das einmalige Betreten eines Bades am L\u00f6sungstag Erwachsene 3,00 \u20ac Kinder ab 6 Jahre, Jugendliche, Studenten, Inhaber eines Schwerbehindertenausweises *) 2,00 \u20ac &nbsp; Zehnerkarte Erwachsene 25,00 \u20ac Kinder ab 6 Jahre, Jugendliche, Studenten, Inhaber eines Schwerbehindertenausweises*) 15,00 \u20ac &nbsp; Saisondauerkarte [&hellip;]<\/p>\n","protected":false},"author":1,"featured_media":0,"parent":0,"menu_order":20,"comment_status":"closed","ping_status":"closed","template":"page-templates\/full-width.php","meta":{"footnotes":""},"class_list":["post-7","page","type-page","status-publish","hentry"],"_links":{"self":[{"href":"https:\/\/waldseebad-beerfelden.de\/index.php?rest_route=\/wp\/v2\/pages\/7","targetHints":{"allow":["GET"]}}],"collection":[{"href":"https:\/\/waldseebad-beerfelden.de\/index.php?rest_route=\/wp\/v2\/pages"}],"about":[{"href":"https:\/\/waldseebad-beerfelden.de\/index.php?rest_route=\/wp\/v2\/types\/page"}],"author":[{"embeddable":true,"href":"https:\/\/waldseebad-beerfelden.de\/index.php?rest_route=\/wp\/v2\/users\/1"}],"replies":[{"embeddable":true,"href":"https:\/\/waldseebad-beerfelden.de\/index.php?rest_route=%2Fwp%2Fv2%2Fcomments&post=7"}],"version-history":[{"count":7,"href":"https:\/\/waldseebad-beerfelden.de\/index.php?rest_route=\/wp\/v2\/pages\/7\/revisions"}],"predecessor-version":[{"id":284,"href":"https:\/\/waldseebad-beerfelden.de\/index.php?rest_route=\/wp\/v2\/pages\/7\/revisions\/284"}],"wp:attachment":[{"href":"https:\/\/waldseebad-beerfelden.de\/index.php?rest_route=%2Fwp%2Fv2%2Fmedia&parent=7"}],"curies":[{"name":"wp","href":"https:\/\/api.w.org\/{rel}","templated":true}]}}