{"id":18,"date":"2016-02-03T19:08:22","date_gmt":"2016-02-03T19:08:22","guid":{"rendered":"http:\/\/waldseebad-beerfelden.de\/?page_id=18"},"modified":"2025-05-27T07:20:04","modified_gmt":"2025-05-27T07:20:04","slug":"ueber-uns","status":"publish","type":"page","link":"https:\/\/waldseebad-beerfelden.de\/?page_id=18","title":{"rendered":"\u00dcber uns"},"content":{"rendered":"<div>Das gro\u00dfe Familien- und Freizeitbad bietet:<\/div>\n<div><\/div>\n<ul>\n<li>gro\u00dfe Liegewiese mit 3 Holz-Sonnendecks<\/li>\n<li>gro\u00dfes Becken mit Schwimmer\/Nichtschwimmerbereich<\/li>\n<li>1 m Sprungbrett und 3 m Sprungturm<\/li>\n<li>Babybecken mit gro\u00dfem Sonnenschirm<\/li>\n<li>Schaukel und Rutsche<\/li>\n<li>Sandkasten<\/li>\n<li>Beach-Volleyballfeld<\/li>\n<li>Tischtennisplatte<\/li>\n<li>Kinder-Tischkicker\u00a0 ( Erwachsene d\u00fcrfen nat\u00fcrlich auch daran spielen)<\/li>\n<li>Behindertengerechte sanit\u00e4re Einrichtung<\/li>\n<li>Kiosk mit gem\u00fctlicher Sonnenterasse und reichhaltiges Angebot<\/li>\n<\/ul>\n","protected":false},"excerpt":{"rendered":"<p>Das gro\u00dfe Familien- und Freizeitbad bietet: gro\u00dfe Liegewiese mit 3 Holz-Sonnendecks gro\u00dfes Becken mit Schwimmer\/Nichtschwimmerbereich 1 m Sprungbrett und 3 m Sprungturm Babybecken mit gro\u00dfem Sonnenschirm Schaukel und Rutsche Sandkasten Beach-Volleyballfeld Tischtennisplatte Kinder-Tischkicker\u00a0 ( Erwachsene d\u00fcrfen nat\u00fcrlich auch daran spielen) Behindertengerechte sanit\u00e4re Einrichtung Kiosk mit gem\u00fctlicher Sonnenterasse und reichhaltiges Angebot<\/p>\n","protected":false},"author":1,"featured_media":0,"parent":0,"menu_order":20,"comment_status":"closed","ping_status":"closed","template":"page-templates\/full-width.php","meta":{"footnotes":""},"class_list":["post-18","page","type-page","status-publish","hentry"],"_links":{"self":[{"href":"https:\/\/waldseebad-beerfelden.de\/index.php?rest_route=\/wp\/v2\/pages\/18","targetHints":{"allow":["GET"]}}],"collection":[{"href":"https:\/\/waldseebad-beerfelden.de\/index.php?rest_route=\/wp\/v2\/pages"}],"about":[{"href":"https:\/\/waldseebad-beerfelden.de\/index.php?rest_route=\/wp\/v2\/types\/page"}],"author":[{"embeddable":true,"href":"https:\/\/waldseebad-beerfelden.de\/index.php?rest_route=\/wp\/v2\/users\/1"}],"replies":[{"embeddable":true,"href":"https:\/\/waldseebad-beerfelden.de\/index.php?rest_route=%2Fwp%2Fv2%2Fcomments&post=18"}],"version-history":[{"count":2,"href":"https:\/\/waldseebad-beerfelden.de\/index.php?rest_route=\/wp\/v2\/pages\/18\/revisions"}],"predecessor-version":[{"id":288,"href":"https:\/\/waldseebad-beerfelden.de\/index.php?rest_route=\/wp\/v2\/pages\/18\/revisions\/288"}],"wp:attachment":[{"href":"https:\/\/waldseebad-beerfelden.de\/index.php?rest_route=%2Fwp%2Fv2%2Fmedia&parent=18"}],"curies":[{"name":"wp","href":"https:\/\/api.w.org\/{rel}","templated":true}]}}